{"id":6066,"date":"2024-09-18T22:44:27","date_gmt":"2024-09-18T22:44:27","guid":{"rendered":"https:\/\/dev.vkiwi.mx\/?post_type=product&#038;p=6066"},"modified":"2024-09-18T22:44:28","modified_gmt":"2024-09-18T22:44:28","slug":"termo-bruce","status":"publish","type":"product","link":"https:\/\/dev.vkiwi.mx\/index.php\/producto\/termo-bruce\/","title":{"rendered":"TERMO BRUCE"},"content":{"rendered":"<p><img fetchpriority=\"high\" decoding=\"async\" class=\"alignnone size-full wp-image-6067\" src=\"https:\/\/dev.vkiwi.mx\/wp-content\/uploads\/2024\/09\/TMPS-125_1-Photoroom.png\" alt=\"\" width=\"1200\" height=\"1200\" \/><\/p>\n<h4>TERMO BRUCE<\/h4>\n<p>Descripci\u00f3n y caracter\u00edsticas.<br \/>\nDoble pared. Pared interna pl\u00e1stico, pared externa acero inoxidable. Tapa y popote de pl\u00e1stico. Incluye caja individual.<br \/>\nInformaci\u00f3n B\u00e1sica Informaci\u00f3n de impresi\u00f3n Informaci\u00f3n de empaque<br \/>\nCategor\u00eda TERMOS<br \/>\nMaterial Acero Inoxidable \/ Pl\u00e1stico<br \/>\nMedida 6.3 x 19.9 cm<br \/>\nCapacidad 470 ml<br \/>\nT\u00e9cnica L\u00e1ser \/ Dtf Uv<br \/>\n\u00c1rea 4.5 x 6 cm<\/p>\n","protected":false},"excerpt":{"rendered":"<p>Descripci\u00f3n y caracter\u00edsticas.<br \/>\nDoble pared. Pared interna pl\u00e1stico, pared externa acero inoxidable. Tapa y popote de pl\u00e1stico. Incluye caja individual.<\/p>\n","protected":false},"featured_media":6067,"comment_status":"open","ping_status":"closed","template":"","meta":[],"product_cat":[15],"product_tag":[],"class_list":{"0":"post-6066","1":"product","2":"type-product","3":"status-publish","4":"has-post-thumbnail","6":"product_cat-termos","8":"first","9":"outofstock","10":"taxable","11":"shipping-taxable","12":"purchasable","13":"product-type-simple"},"yoast_head":"<!-- This site is optimized with the Yoast SEO plugin v22.9 - https:\/\/yoast.com\/wordpress\/plugins\/seo\/ -->\n<title>TERMO BRUCE - V.kiwi<\/title>\n<meta name=\"description\" content=\"Descripci\u00f3n y caracter\u00edsticas. Doble pared. Pared interna pl\u00e1stico, pared externa acero inoxidable. Tapa y popote de pl\u00e1stico.\" \/>\n<meta name=\"robots\" content=\"index, follow, max-snippet:-1, max-image-preview:large, max-video-preview:-1\" \/>\n<link rel=\"canonical\" href=\"https:\/\/dev.vkiwi.mx\/index.php\/producto\/termo-bruce\/\" \/>\n<meta property=\"og:locale\" content=\"es_ES\" \/>\n<meta property=\"og:type\" content=\"article\" \/>\n<meta property=\"og:title\" content=\"TERMO BRUCE - V.kiwi\" \/>\n<meta property=\"og:description\" content=\"Descripci\u00f3n y caracter\u00edsticas. Doble pared. Pared interna pl\u00e1stico, pared externa acero inoxidable. Tapa y popote de pl\u00e1stico.\" \/>\n<meta property=\"og:url\" content=\"https:\/\/dev.vkiwi.mx\/index.php\/producto\/termo-bruce\/\" \/>\n<meta property=\"og:site_name\" content=\"V.kiwi\" \/>\n<meta property=\"article:modified_time\" content=\"2024-09-18T22:44:28+00:00\" \/>\n<meta property=\"og:image\" content=\"https:\/\/dev.vkiwi.mx\/wp-content\/uploads\/2024\/09\/TMPS-125_1-Photoroom.png\" \/>\n\t<meta property=\"og:image:width\" content=\"1200\" \/>\n\t<meta property=\"og:image:height\" content=\"1200\" \/>\n\t<meta property=\"og:image:type\" content=\"image\/png\" \/>\n<meta name=\"twitter:card\" content=\"summary_large_image\" \/>\n<meta name=\"twitter:label1\" content=\"Tiempo de lectura\" \/>\n\t<meta name=\"twitter:data1\" content=\"1 minuto\" \/>\n<script type=\"application\/ld+json\" class=\"yoast-schema-graph\">{\"@context\":\"https:\/\/schema.org\",\"@graph\":[{\"@type\":\"WebPage\",\"@id\":\"https:\/\/dev.vkiwi.mx\/index.php\/producto\/termo-bruce\/\",\"url\":\"https:\/\/dev.vkiwi.mx\/index.php\/producto\/termo-bruce\/\",\"name\":\"TERMO BRUCE - V.kiwi\",\"isPartOf\":{\"@id\":\"https:\/\/dev.vkiwi.mx\/#website\"},\"primaryImageOfPage\":{\"@id\":\"https:\/\/dev.vkiwi.mx\/index.php\/producto\/termo-bruce\/#primaryimage\"},\"image\":{\"@id\":\"https:\/\/dev.vkiwi.mx\/index.php\/producto\/termo-bruce\/#primaryimage\"},\"thumbnailUrl\":\"https:\/\/dev.vkiwi.mx\/wp-content\/uploads\/2024\/09\/TMPS-125_1-Photoroom.png\",\"datePublished\":\"2024-09-18T22:44:27+00:00\",\"dateModified\":\"2024-09-18T22:44:28+00:00\",\"description\":\"Descripci\u00f3n y caracter\u00edsticas. Doble pared. Pared interna pl\u00e1stico, pared externa acero inoxidable. Tapa y popote de pl\u00e1stico.\",\"breadcrumb\":{\"@id\":\"https:\/\/dev.vkiwi.mx\/index.php\/producto\/termo-bruce\/#breadcrumb\"},\"inLanguage\":\"es\",\"potentialAction\":[{\"@type\":\"ReadAction\",\"target\":[\"https:\/\/dev.vkiwi.mx\/index.php\/producto\/termo-bruce\/\"]}]},{\"@type\":\"ImageObject\",\"inLanguage\":\"es\",\"@id\":\"https:\/\/dev.vkiwi.mx\/index.php\/producto\/termo-bruce\/#primaryimage\",\"url\":\"https:\/\/dev.vkiwi.mx\/wp-content\/uploads\/2024\/09\/TMPS-125_1-Photoroom.png\",\"contentUrl\":\"https:\/\/dev.vkiwi.mx\/wp-content\/uploads\/2024\/09\/TMPS-125_1-Photoroom.png\",\"width\":1200,\"height\":1200},{\"@type\":\"BreadcrumbList\",\"@id\":\"https:\/\/dev.vkiwi.mx\/index.php\/producto\/termo-bruce\/#breadcrumb\",\"itemListElement\":[{\"@type\":\"ListItem\",\"position\":1,\"name\":\"Portada\",\"item\":\"https:\/\/dev.vkiwi.mx\/\"},{\"@type\":\"ListItem\",\"position\":2,\"name\":\"Shop\",\"item\":\"https:\/\/dev.vkiwi.mx\/index.php\/shop\/\"},{\"@type\":\"ListItem\",\"position\":3,\"name\":\"TERMO BRUCE\"}]},{\"@type\":\"WebSite\",\"@id\":\"https:\/\/dev.vkiwi.mx\/#website\",\"url\":\"https:\/\/dev.vkiwi.mx\/\",\"name\":\"V.kiwi\",\"description\":\"Soluciones graficas\",\"publisher\":{\"@id\":\"https:\/\/dev.vkiwi.mx\/#organization\"},\"potentialAction\":[{\"@type\":\"SearchAction\",\"target\":{\"@type\":\"EntryPoint\",\"urlTemplate\":\"https:\/\/dev.vkiwi.mx\/?s={search_term_string}\"},\"query-input\":\"required name=search_term_string\"}],\"inLanguage\":\"es\"},{\"@type\":\"Organization\",\"@id\":\"https:\/\/dev.vkiwi.mx\/#organization\",\"name\":\"V.kiwi\",\"url\":\"https:\/\/dev.vkiwi.mx\/\",\"logo\":{\"@type\":\"ImageObject\",\"inLanguage\":\"es\",\"@id\":\"https:\/\/dev.vkiwi.mx\/#\/schema\/logo\/image\/\",\"url\":\"https:\/\/dev.vkiwi.mx\/wp-content\/uploads\/2024\/06\/vkiwi_logo-02.png\",\"contentUrl\":\"https:\/\/dev.vkiwi.mx\/wp-content\/uploads\/2024\/06\/vkiwi_logo-02.png\",\"width\":874,\"height\":426,\"caption\":\"V.kiwi\"},\"image\":{\"@id\":\"https:\/\/dev.vkiwi.mx\/#\/schema\/logo\/image\/\"}}]}<\/script>\n<!-- \/ Yoast SEO plugin. -->","yoast_head_json":{"title":"TERMO BRUCE - V.kiwi","description":"Descripci\u00f3n y caracter\u00edsticas. Doble pared. Pared interna pl\u00e1stico, pared externa acero inoxidable. Tapa y popote de pl\u00e1stico.","robots":{"index":"index","follow":"follow","max-snippet":"max-snippet:-1","max-image-preview":"max-image-preview:large","max-video-preview":"max-video-preview:-1"},"canonical":"https:\/\/dev.vkiwi.mx\/index.php\/producto\/termo-bruce\/","og_locale":"es_ES","og_type":"article","og_title":"TERMO BRUCE - V.kiwi","og_description":"Descripci\u00f3n y caracter\u00edsticas. Doble pared. Pared interna pl\u00e1stico, pared externa acero inoxidable. Tapa y popote de pl\u00e1stico.","og_url":"https:\/\/dev.vkiwi.mx\/index.php\/producto\/termo-bruce\/","og_site_name":"V.kiwi","article_modified_time":"2024-09-18T22:44:28+00:00","og_image":[{"width":1200,"height":1200,"url":"https:\/\/dev.vkiwi.mx\/wp-content\/uploads\/2024\/09\/TMPS-125_1-Photoroom.png","type":"image\/png"}],"twitter_card":"summary_large_image","twitter_misc":{"Tiempo de lectura":"1 minuto"},"schema":{"@context":"https:\/\/schema.org","@graph":[{"@type":"WebPage","@id":"https:\/\/dev.vkiwi.mx\/index.php\/producto\/termo-bruce\/","url":"https:\/\/dev.vkiwi.mx\/index.php\/producto\/termo-bruce\/","name":"TERMO BRUCE - V.kiwi","isPartOf":{"@id":"https:\/\/dev.vkiwi.mx\/#website"},"primaryImageOfPage":{"@id":"https:\/\/dev.vkiwi.mx\/index.php\/producto\/termo-bruce\/#primaryimage"},"image":{"@id":"https:\/\/dev.vkiwi.mx\/index.php\/producto\/termo-bruce\/#primaryimage"},"thumbnailUrl":"https:\/\/dev.vkiwi.mx\/wp-content\/uploads\/2024\/09\/TMPS-125_1-Photoroom.png","datePublished":"2024-09-18T22:44:27+00:00","dateModified":"2024-09-18T22:44:28+00:00","description":"Descripci\u00f3n y caracter\u00edsticas. Doble pared. Pared interna pl\u00e1stico, pared externa acero inoxidable. Tapa y popote de pl\u00e1stico.","breadcrumb":{"@id":"https:\/\/dev.vkiwi.mx\/index.php\/producto\/termo-bruce\/#breadcrumb"},"inLanguage":"es","potentialAction":[{"@type":"ReadAction","target":["https:\/\/dev.vkiwi.mx\/index.php\/producto\/termo-bruce\/"]}]},{"@type":"ImageObject","inLanguage":"es","@id":"https:\/\/dev.vkiwi.mx\/index.php\/producto\/termo-bruce\/#primaryimage","url":"https:\/\/dev.vkiwi.mx\/wp-content\/uploads\/2024\/09\/TMPS-125_1-Photoroom.png","contentUrl":"https:\/\/dev.vkiwi.mx\/wp-content\/uploads\/2024\/09\/TMPS-125_1-Photoroom.png","width":1200,"height":1200},{"@type":"BreadcrumbList","@id":"https:\/\/dev.vkiwi.mx\/index.php\/producto\/termo-bruce\/#breadcrumb","itemListElement":[{"@type":"ListItem","position":1,"name":"Portada","item":"https:\/\/dev.vkiwi.mx\/"},{"@type":"ListItem","position":2,"name":"Shop","item":"https:\/\/dev.vkiwi.mx\/index.php\/shop\/"},{"@type":"ListItem","position":3,"name":"TERMO BRUCE"}]},{"@type":"WebSite","@id":"https:\/\/dev.vkiwi.mx\/#website","url":"https:\/\/dev.vkiwi.mx\/","name":"V.kiwi","description":"Soluciones graficas","publisher":{"@id":"https:\/\/dev.vkiwi.mx\/#organization"},"potentialAction":[{"@type":"SearchAction","target":{"@type":"EntryPoint","urlTemplate":"https:\/\/dev.vkiwi.mx\/?s={search_term_string}"},"query-input":"required name=search_term_string"}],"inLanguage":"es"},{"@type":"Organization","@id":"https:\/\/dev.vkiwi.mx\/#organization","name":"V.kiwi","url":"https:\/\/dev.vkiwi.mx\/","logo":{"@type":"ImageObject","inLanguage":"es","@id":"https:\/\/dev.vkiwi.mx\/#\/schema\/logo\/image\/","url":"https:\/\/dev.vkiwi.mx\/wp-content\/uploads\/2024\/06\/vkiwi_logo-02.png","contentUrl":"https:\/\/dev.vkiwi.mx\/wp-content\/uploads\/2024\/06\/vkiwi_logo-02.png","width":874,"height":426,"caption":"V.kiwi"},"image":{"@id":"https:\/\/dev.vkiwi.mx\/#\/schema\/logo\/image\/"}}]}},"jetpack_sharing_enabled":true,"_links":{"self":[{"href":"https:\/\/dev.vkiwi.mx\/index.php\/wp-json\/wp\/v2\/product\/6066","targetHints":{"allow":["GET"]}}],"collection":[{"href":"https:\/\/dev.vkiwi.mx\/index.php\/wp-json\/wp\/v2\/product"}],"about":[{"href":"https:\/\/dev.vkiwi.mx\/index.php\/wp-json\/wp\/v2\/types\/product"}],"replies":[{"embeddable":true,"href":"https:\/\/dev.vkiwi.mx\/index.php\/wp-json\/wp\/v2\/comments?post=6066"}],"wp:featuredmedia":[{"embeddable":true,"href":"https:\/\/dev.vkiwi.mx\/index.php\/wp-json\/wp\/v2\/media\/6067"}],"wp:attachment":[{"href":"https:\/\/dev.vkiwi.mx\/index.php\/wp-json\/wp\/v2\/media?parent=6066"}],"wp:term":[{"taxonomy":"product_cat","embeddable":true,"href":"https:\/\/dev.vkiwi.mx\/index.php\/wp-json\/wp\/v2\/product_cat?post=6066"},{"taxonomy":"product_tag","embeddable":true,"href":"https:\/\/dev.vkiwi.mx\/index.php\/wp-json\/wp\/v2\/product_tag?post=6066"}],"curies":[{"name":"wp","href":"https:\/\/api.w.org\/{rel}","templated":true}]}}